t is -1486b + 2?
-14869
In base 5, what is -1000 + 314?
-131
In base 10, what is -2 - 367?
-369
In base 7, what is 2 - 215?
-213
In base 11, what is -3 + -10?
-13
In base 11, what is 3 + 196?
199
In base 14, what is 6b47 - 4?
6b43
In base 9, what is -3473 - -5?
-3467
In base 3, what is 22 + -10?
12
In base 15, what is -1e + -2?
-21
In base 11, what is -1591 + 3?
-1589
In base 3, what is -1120000010 + 2?
-1120000001
In base 14, what is 5 - 40?
-39
In base 9, what is -4 - -224?
220
In base 15, what is 2 + -4e?
-4c
In base 2, what is -10001111 + 1?
-10001110
In base 15, what is -2 + -1a4b?
-1a4d
In base 14, what is -3d - -4?
-39
In base 4, what is -222 - 32?
-320
In base 15, what is 143 - -3?
146
In base 11, what is -78 - 2?
-7a
In base 6, what is -340 + 5?
-331
In base 11, what is 1a + -7?
13
In base 15, what is 0 + b8?
b8
In base 16, what is a7 - -2?
a9
In base 11, what is -128 + 3?
-125
In base 13, what is 772c - -3?
7732
In base 16, what is 51 + -b?
46
In base 15, what is -6 + 847?
841
In base 12, what is 3 + -225?
-222
In base 11, what is -79 + 5?
-74
In base 16, what is -8 - 1a?
-22
In base 6, what is -504 + -34?
-542
In base 2, what is 10011 + 1?
10100
In base 14, what is -101 + -4?
-105
In base 3, what is 11201 + 11?
11212
In base 3, what is -1 - 2101?
-2102
In base 8, what is -17632 + -4?
-17636
In base 8, what is -2 - -3576?
3574
In base 4, what is 20313 + -10?
20303
In base 13, what is -1c5 + -9?
-201
In base 8, what is -32 + -14?
-46
In base 10, what is -96 - -14?
-82
In base 3, what is 12 + 200121?
200210
In base 13, what is -1808 + 1?
-1807
In base 13, what is -6 + -695?
-69b
In base 8, what is -6 + -12555?
-12563
In base 4, what is 1132 + -20?
1112
In base 11, what is 174a6 - -1?
174a7
In base 3, what is -11 - -112122?
112111
In base 14, what is -9 + 8d6?
8cb
In base 11, what is -16 + 1129?
1113
In base 6, what is 0 + 120?
120
In base 3, what is 12 + 200221?
201010
In base 14, what is -891 + 6?
-889
In base 5, what is -334123 + 4?
-334114
In base 4, what is 1 - -220?
221
In base 14, what is 14a5 + 2?
14a7
In base 9, what is 434 + 2?
436
In base 13, what is a05 - 2?
a03
In base 5, what is 414 - 3?
411
In base 6, what is -305 + 1?
-304
In base 15, what is -6 + 27?
21
In base 10, what is -62 - 0?
-62
In base 7, what is 10 + 45?
55
In base 12, what is -2 - -948?
946
In base 12, what is -8 + -26?
-32
In base 8, what is 46 + 11?
57
In base 11, what is -26 + -86?
-101
In base 11, what is -17 - -127?
110
In base 12, what is 33 - -257?
28a
In base 5, what is -4 - -22?
13
In base 14, what is -1 + -37?
-38
In base 11, what is 2 + -175?
-173
In base 16, what is -13ad + -5?
-13b2
In base 7, what is -21 - 1254?
-1305
In base 8, what is 4 + 117?
123
In base 6, what is -3 + -5550?
-5553
In base 9, what is 8 + -25?
-16
In base 13, what is -164 + -1?
-165
In base 14, what is 0 - -4?
4
In base 9, what is -1 + -4852?
-4853
In base 5, what is 110120 + 3?
110123
In base 16, what is 10c + -4?
108
In base 7, what is 40 + 3?
43
In base 12, what is 1a - -376?
394
In base 9, what is -21075 + 0?
-21075
In base 11, what is 8 - -60?
68
In base 9, what is -7630 + -3?
-7633
In base 9, what is -155 - -65?
-80
In base 12, what is -2 + 77?
75
In base 6, what is 1443 + 5?
1452
In base 11, what is -957 + -4?
-960
In base 6, what is -5 - 15515?
-15524
In base 6, what is -2455 + 44?
-2411
In base 4, what is -10 + 11231?
11221
In base 11, what is -6840 + -5?
-6845
In base 12, what is 2 + -14?
-12
In base 4, what is 3031 - -21?
3112
In base 2, what is 1011110 - 10?
1011100
In base 9, what is -17 + -25?
-43
In base 2, what is -100 + -110?
-1010
In base 6, what is 354 + 551?
1345
In base 5, what is 3 + -330?
-322
In base 13, what is -c + 8?
-4
In base 5, what is 24014 + -3?
24011
In base 12, what is 32 - -48?
7a
In base 8, what is -4 + 303?
277
In base 3, what is -22 - -10002?
2210
In base 3, what is -21200 - -10?
-21120
In base 16, what is 2ef9 + -2?
2ef7
In base 3, what is -11 + -2121?
-2202
In base 6, what is 45001 - 1?
45000
In base 14, what is -6 - 8?
-10
In base 2, what is 11010 + 1000?
100010
In base 16, what is -a + -10?
-1a
In base 8, what is 200 + -7?
171
In base 16, what is 97 + -5?
92
In base 11, what is -505 + 4?
-501
In base 3, what is -1001201 - 11?
-1001212
In base 13, what is 5 + -170?
-168
In base 12, what is 5 - -27?
30
In base 2, what is 11001100110 - 11?
11001100011
In base 2, what is 11 + -11?
0
In base 5, what is -124 + 2031?
1402
In base 16, what is -4 - 28f?
-293
In base 9, what is -11 + 1760?
1748
In base 3, what is -2220 - -21?
-2122
In base 13, what is 15a4 + 2?
15a6
In base 6, what is 2024 - 4?
2020
In base 8, what is 221 + -4?
215
In base 2, what is -100 - -11011111000?
11011110100
In base 16, what is -2 + -198?
-19a
In base 11, what is 10 - -6?
16
In base 14, what is -8 + 3a0?
396
In base 12, what is 856 - 7?
84b
In base 16, what is 1d - f?
e
In base 4, what is 3 + 230?
233
In base 4, what is -103203 - 0?
-103203
In base 12, what is -73 - -5?
-6a
In base 16, what is 0 - -69e?
69e
In base 4, what is 322 - -20?
1002
In base 13, what is -739 - -4?
-735
In base 10, what is 204 + 2?
206
In base 3, what is 102201202 - -2?
102201211
In base 10, what is -2 - -186?
184
In base 2, what is -11011001 + 100?
-11010101
In base 11, what is -3 + a?
7
In base 7, what is 111 + 45?
156
In base 14, what is 5c4a - 5?
5c45
In base 8, what is -5 - -255?
250
In base 14, what is 0 - -44?
44
In base 9, what is -5 - 2344?
-2350
In base 16, what is -5 + -2a1?
-2a6
In base 9, what is 3 - 37?
-34
In base 9, what is 6 + 464?
471
In base 11, what is 11 - 88?
-77
In base 11, what is 5 + -1a?
-15
In base 6, what is 4555 + -3?
4552
In base 2, what is 10 - 110101111?
-110101101
In base 8, what is 6 - -153?
161
In base 14, what is -69 - -a?
-5d
In base 12, what is 322 + -20?
302
In base 16, what is 2 - -9f?
a1
In base 11, what is -129 + 3?
-126
In base 8, what is 1 - -1355?
1356
In base 9, what is 644 + -1?
643
In base 5, what is -2434 + 13?
-2421
In base 15, what is -67 - -3?
-64
In base 2, what is 1 + 1011?
1100
In base 5, what is -132 + -4?
-141
In base 16, what is -b8 + 4?
-b4
In base 16, what is -1e - 218?
-236
In base 9, what is -15 + -3?
-18
In base 13, what is -22 - 3?
-25
In base 13, what is -c + 2?
-a
In base 4, what is 130331 + 2?
130333
In base 13, what is 2 - 1a1?
-19c
In base 14, what is -1 - 51a?
-51b
In base 16, what is dc7 - -1?
dc8
In base 6, what is 31 - -42?
113
In base 11, what is -6 - 17?
-22
In base 7, what is -2 - 36?
-41
In base 14, what is 5cc + 4?
5d2
In base 4, what is 3 + -1200?
-1131
In base 12, what is -2064 - 0?
-2064
In base 3, what is 111101 + -12?
111012
In base 11, what is -25 + 4a?
25
In base 9, what is -3 - -1062?
1058
In base 7, what is 25 + 65?
123
In base 8, what is 4 - -33?
37
In base 9, what is -2 - -235?
233
In base 16, what is -4 - -5a9?
5a5
In base 7, what is 2 - 1000?
-665
In base 10, what is -233 - -4?
-229
In base 5, what is 203 + -311?
-103
In base 14, what is 0 + 1387?
1387
In base 12, what is 5 + 1194?
1199
In base 11, what is -1649 + -3?
-1651
In base 16, what is -14 - -b7?
a3
In base 10, what is 18 - 2?
16
In base 13, what is 368 + a?
375
In base 8, what is -11 - -35?
24
In base 12, what is 19 + 1b?
38
In base 16, what is -5 + 25?
20
In base 15, what is 0 - -2?
2
In base 3, what is 222102 - 211?
221121
In base 12, what is 5 + -b47?
-b42
In base 2, what is 11011100100 - 10?
11011100010
In base 15, what is -11a5 - 0?
-11a5
In base 10, what is 18 - -9?
27
In base 11, what is -4 + 399?
395
In base 15, what is 4 - -9?
d
In base 4, what is -201 + -121?
-322
In base 8, what is -752 + 11?
-741
In base 12, what is 2 - 84a?
-848
In base 8, what is 36 - -105?
143
In base 7, what is 4 + -135?
-131
In base 15, what is -1 - 1?
-2
In base 11, what is -65 - -6?
-5a
In base 8, what is -22 + -46?
-70
In base 8, what is 300 - 5?
273
In base 3, what is -10011220 + 22?
-10011121
In base 7, what is 12 + -31?
-16
In base 10, what is -397 + -3?
-400
In base 6, what is -5 - 1120?
-1125
In base 5, what is -20 - -4340?
4320
In base 12, what is -6 + 649?
643
In base 2, what is 100111 - 1010001110?
-1001100111
In base 11, what is 13 + 18?
30
In base 7, what is -111 + 144?
33
In base 6, what is -1 + 201?
200
In base 9, what is -1 + -1483?
-1484
In bas